(0) is divided by 23?
20
Suppose t + 4*t = -5. Suppose 17 - 53 = -3*w. What is the remainder when (t - -35) + (1 - 1) is divided by w?
10
Let y(b) = b**3 + 4*b**2 - 3*b - 2. Suppose 5*q + 0*k - 2*k - 145 = 0, -4*k - 128 = -4*q. Calculate the remainder when q is divided by y(-4).
7
Suppose -5*x - 107 - 143 = 0. What is the remainder when 47 is divided by 1*x*3/(-6)?
22
Let u(r) = 3*r**3 - 3. Let l(d) = -d**2 + 10*d - 8. Calculate the remainder when u(3) is divided by l(6).
14
Let w be -1 + 1 + 3 + 107. Suppose -d + f = 13 - 50, -3*d + 2*f = -w. Calculate the remainder when d is divided by 13.
10
Calculate the remainder when (-54)/4*(3 + -5) is divided by 14.
13
Suppose 0 = 2*t + 3*l - 14, 4*t + 0*l = -5*l + 28. Suppose -3*r + 4 = -t*r, -2*q = 3*r - 21. Calculate the remainder when 12*2 - 0 - 1 is divided by q.
11
Suppose 3*k = -2*k + 50. What is the remainder when 18 is divided by k?
8
Suppose 4 - 12 = -2*q. Calculate the remainder when (-1*31)/((-4)/q) is divided by 11.
9
Suppose -4*a - 21 + 6 = b, -4*b - 5 = 5*a. Suppose 8*w - b*w - 24 = 0. What is the remainder when w is divided by 6?
2
Suppose 7*w = 3*w. Suppose -4*t + 64 = 4*c, -4*c + 9 = -w*t - t. What is the remainder when 32 is divided by t?
10
Suppose -1 = 2*r - 239. Calculate the remainder when r is divided by 15.
14
Suppose 2*h - 5*h + 6 = 0. Let n(y) = 3*y**2 + 4*y - 3. Let j be n(3). Suppose h*a + a = j. Calculate the remainder when 22 is divided by a.
10
Calculate the remainder when 153 is divided by (6 - 3)/((-6)/(-52)).
23
What is the remainder when 17 is divided by (-5 + 3)/(2/(-5))?
2
Let d = 3 - 3. Let g be 15 - (d - (2 - 2)). Suppose g = t - 4*c - 9, c - 3 = -2*t. Calculate the remainder when 5 is divided by t.
1
Let y(o) be the second derivative of 5*o**3/6 + 3*o**2/2 + 3*o. Calculate the remainder when 50 - -1 - (2 + -3) is divided by y(3).
16
Suppose -4*r - 23 = -5*f, -r - 5*f + 13 = -0*r. What is the remainder when 69/9 + 4/(-6) is divided by ((-7)/(-14))/(r/(-12))?
1
Let d = 98 - 64. Calculate the remainder when d is divided by 18.
16
Let o(a) = a**2 + 4*a + 3. Let l be o(-4). Suppose -3*u + 5*u - 94 = l*z, -4*z = -u + 52. Calculate the remainder when u is divided by 15.
14
Let b be (-2)/(-10) + (-14)/(-5). Let y be b*-1*38/(-6). Suppose -4*j - 4 = -4*n, 2*n = -4*j + 1 + y. Calculate the remainder when 8 is divided by j.
2
Suppose -4*o + b + 134 = 0, -4*o + 0*o - 5*b + 146 = 0. Calculate the remainder when 100 is divided by o.
32
Let g(o) = -o + o + 5*o + 4 - o**2. Let q be g(6). What is the remainder when ((-1)/q)/(4/184) is divided by 8?
7
Let i be (-20)/(-110) + (-48)/22. Calculate the remainder when 7 is divided by (7 + i)/((-15)/(-6)).
1
Calculate the remainder when 31 is divided by 2 - (-3 + -8 - -2).
9
Let v(q) = -q**3 + 20*q**2 - 12*q + 37. Calculate the remainder when v(19) is divided by 57.
56
Let m = 72 - 60. What is the remainder when 47 is divided by m?
11
Suppose -4*f - f - 20 = 0. Suppose -3*r + 88 = r. What is the remainder when r is divided by (f/(-6))/((-2)/(-24))?
6
Let t(k) = 4*k - 6. Let n be t(5). Suppose -23 - n = -p. Calculate the remainder when p is divided by 10.
7
Calculate the remainder when 214/8 + 5/20 is divided by 7.
6
Suppose -z + 2 = 0, a = 4*z - 2 + 10. Suppose -5*m + 94 = -3*m. What is the remainder when m is divided by a?
15
Let y = -27 + 46. What is the remainder when 75 is divided by y?
18
Let v be 3 + (-4 - -3) + -2. Suppose -4*c + c + 51 = v. Calculate the remainder when c is divided by 5.
2
Let y(t) = 7*t - 14. What is the remainder when y(10) is divided by 19?
18
Let s be 4 - -2*(-44)/8. Let n = s + 13. Calculate the remainder when 27 is divided by n.
3
Let c be -3 + 7 + 0 - -51. Suppose -46 + 142 = -3*b. Let p = c + b. Calculate the remainder when 44 is divided by p.
21
Let a = -28 - -69. Calculate the remainder when 78 is divided by a.
37
Let g be 3/1 + (-3 - -5). Suppose -g*h + 291 - 96 = 0. What is the remainder when 18 is divided by 2/8 - h/(-4)?
8
Let d = -1 + 11. Calculate the remainder when 51 is divided by (36/d)/((-2)/(-15)).
24
Suppose 0 = -a - 4*a + 60. What is the remainder when 35 is divided by a?
11
Suppose -l + 3 + 0 = 0. Suppose 3*h = -9, -h - l*h = 4*t - 144. Calculate the remainder when t is divided by 20.
19
Suppose -32 = -2*o - 2*o. Let n = 55 - 33. What is the remainder when n is divided by (6/o)/(5/80)?
10
Let m = 44 + -31. Calculate the remainder when 25 is divided by m.
12
Let g(t) = 2*t**2 - t + 1. Let b be g(1). Suppose -32 = -0*j - b*j. Calculate the remainder when 30 is divided by j.
14
Let j be (-2)/((-8)/212)*1. Suppose 3*g = -3*s + 81, 2*s - 4*s = g - j. What is the remainder when s is divided by 14?
12
Suppose 3*d = 4*h - 19, -12 = -4*d - 0*d - 4*h. Suppose 4*x - 82 + 22 = 0. Calculate the remainder when 1 + -1 + 41 - d is divided by x.
12
Let w(z) = z**2 - z - 2. Let h(i) = 20*i**3 - 2*i + 1. What is the remainder when h(1) is divided by w(4)?
9
Calculate the remainder when -3 - (-3 + -4) - -38 is divided by 23.
19
Suppose -40 + 13 = -j. Calculate the remainder when 79 is divided by j.
25
Let j = -19 + 43. What is the remainder when 70 is divided by j?
22
Let q(h) = h**3 + 5*h**2 - h - 4. Let p be q(-5). Let t = p + 1. Suppose -j - 3*j = -t*u, 3 = 3*u - 3*j. What is the remainder when 2 is divided by u?
0
Let i = -10 - -39. Let v be i/(-2)*(3 - 13). Suppose 2*n = -3*n + v. Calculate the remainder when n is divided by 10.
9
Suppose -7 = -u + 2*p, -5*u + 4*p + 14 + 27 = 0. Suppose -4*q + 3*n + 74 = 0, -5*q + 27 = -3*n - 64. Calculate the remainder when q is divided by u.
8
Calculate the remainder when -7*1*(-6)/21 is divided by 2.
0
Let m(b) = 4 + 6*b - 7 + 1. Suppose -4*c = -0*c - 8. Calculate the remainder when 28 is divided by m(c).
8
What is the remainder when ((-70)/20)/(2/(-76)) is divided by 17?
14
Suppose 0 + 8 = 2*z. Calculate the remainder when -5*z/((-80)/372) is divided by 24.
21
Let q = 10 - -33. What is the remainder when q is divided by 11?
10
Suppose -3*o + 5*h + 15 = 2*h, -4*o = 2*h - 32. Calculate the remainder when 25 is divided by o.
4
Let u(w) = 1. Let d(f) = -4*f - 10. Let p be -3 + 3 - (1 + -4). Let m(s) = p*u(s) + d(s). What is the remainder when 38 is divided by m(-5)?
12
Suppose n + 3 = 9. Suppose -n*j - 3 = -7*j. Calculate the remainder when 13 is divided by j.
1
Let y(o) = -o**2 + 10*o + 2. Let v be y(10). Suppose v*q - 8 = -2. Suppose 33 = q*n - 18. Calculate the remainder when n is divided by 6.
5
Suppose -c = 5*w - 280, w - 56 = c + 3*c. Suppose -3*p + 2*t = -7*p + 72, 3*p - w = -t. What is the remainder when 58 is divided by p?
18
Let q(r) = r**3 - 9*r**2 + 9*r + 11. Suppose -31 = -2*j - 2*c - c, 5*j - 3*c = 109. Let z = j - 12. What is the remainder when q(z) is divided by 10?
9
Suppose -20*x + 72 = -17*x. Let g be (-1)/(-4) - 28/(-16). Suppose n + 2*n + g*m - 148 = 0, -m - 87 = -2*n. What is the remainder when n is divided by x?
22
Calculate the remainder when (0 - 2)/(2/(-31)) is divided by 12.
7
Suppose -j - 104 = 3*j. What is the remainder when 39 is divided by -1 - (2 + j - -2)?
18
Suppose -3*o + j - 50 = 81, -o + 4*j - 62 = 0. Let r = -10 - o. Let y(i) = -i**3 + 16*i**2 - 15*i + 17. What is the remainder when r is divided by y(15)?
15
Let m = 1 + 1. Suppose 2*v + m*r + 43 = 5*v, 5*v + 4*r = 57. Let z = -8 - -13. What is the remainder when v is divided by z?
3
Let r = -7 - -9. Let u(h) = 3*h - 2*h + 5*h**2 + r + 0*h**2 - h**2 + h**3. What is the remainder when 21 is divided by u(-2)?
5
What is the remainder when ((15/2)/(-1))/((-111)/370) is divided by 13?
12
Suppose 0*b = b - 5. Let r be 102 + (0 - 0)/3. What is the remainder when 2/8 - r/(-8) is divided by b?
3
Let n = 35 + -23. What is the remainder when (63/(-18))/((-1)/10) is divided by n?
11
Suppose 3*k + 4*i - 4 = 4, i - 2 = -2*k. Suppose k = 4*p + 4*a - 200, -241 = -5*p - 2*a - 0*a. Calculate the remainder when p is divided by 16.
15
Suppose -3*r + 25 - 65 = -2*k, 0 = 3*r + 12. Let p be (-16)/6*6/(-4). Suppose 0 = p*s - 107 - 57. Calculate the remainder when s is divided by k.
13
Let k(w) = w**2 - 7*w - 6. Let j be k(8). Let d be 3 + (1 - j) - -1. Let r = 51 - d. Calculate the remainder when r is divided by 17.
14
Suppose 29 + 73 = 3*n. What is the remainder when n is divided by 18?
16
Let k = 21